of (-261)/((-15)/5) + -3?
2, 3, 7
Suppose 4*q = -y - y + 134, -62 = -y - q. List the prime factors of y.
3, 19
List the prime factors of 227 + 2 + 2 + -6 + 6.
3, 7, 11
Let j be (-2 - -2)*1/2. Let s be (30/(0 + -3))/1. Let q = j - s. What are the prime factors of q?
2, 5
Let o be 44/10 - (-2)/(-5). Let j be -2 + o - (1 + -3). List the prime factors of j/(-2) - 0 - -14.
2, 3
Let q = 1 - -2. Let p = q + 8. What are the prime factors of p?
11
Suppose 0 = 3*r - 12, r - 7 - 61 = -2*k. List the prime factors of k.
2
Let c(l) = 6*l + 3. Let a(i) = -25*i - 11. Let o(y) = -2*a(y) - 9*c(y). List the prime factors of o(-6).
19
Suppose -2*r + 45 = q, -2*r + 4*q - q = -57. What are the prime factors of r?
2, 3
Suppose -2*n + 10 = 3*m + 3*n, -3*m = 3*n. Let i = 9 + m. Suppose 0 = -2*j - 8, 2*l - i*j = 20 + 10. List the prime factors of l.
7
Suppose 2 = -4*y + 2*d - 0, d = 4*y + 1. Let o(f) = f**3 - 14. Let a be o(y). What are the prime factors of (-300)/(-21) - (-4)/a?
2, 7
Suppose 3*t = -6, -2*t - 136 = -5*r - 4*t. List the prime factors of (21/r)/(1/56).
2, 3, 7
Let k(u) = -6 + 1 - 3 - u. Let l be k(-10). Suppose -l*d - 9 = -41. What are the prime factors of d?
2
Let x be 2/14 - 220/(-28). What are the prime factors of 2*34*4/x?
2, 17
Suppose -2*q + q + 1 = 0. Let a(o) = 31*o**2 - 2*o + 1. List the prime factors of a(q).
2, 3, 5
Suppose -g - 16 + 3 = 0. Let c = g + 20. List the prime factors of c.
7
Let k = 80 - 19. What are the prime factors of k?
61
Let n = -17 - -64. What are the prime factors of n?
47
Let b(i) = i**2 - 5*i - 4. Let k be b(6). Let p = k - -9. List the prime factors of p.
11
Let g = 54 + -37. Let a be -2*3/(30/55). Let c = a + g. What are the prime factors of c?
2, 3
Let s be (-40)/(-18) - (-2)/(-9). Suppose 1 = -s*m + 5. Suppose m*z + 9 = 31. What are the prime factors of z?
11
Let v(l) = 2*l**2 - 2. Let y be v(2). List the prime factors of (-5)/(-15) - (-10)/y.
2
Let a = 189 + -94. List the prime factors of a.
5, 19
Let l be (1 - 11)/(24/12). List the prime factors of (-195)/(-26)*(-8)/l.
2, 3
Let b(m) = -12*m - 2. Let v(k) = -k**2 + 7*k - 2. Let n be v(7). What are the prime factors of b(n)?
2, 11
Let h(y) = -5*y**3 - 5*y**2 - 4*y - 2. List the prime factors of h(-3).
2, 5
Let f be (-12)/30 - (-42)/5. Let h be 3/9 + f/(-6). Let s(g) = 9*g**2 + g. What are the prime factors of s(h)?
2
Let q(n) = 1. Let k(z) = z**2 - 5*z + 2. Let a(l) = k(l) + q(l). Let w be a(2). List the prime factors of (w - -5)*(-7)/(-2).
7
Suppose 10 = -k + d + 56, -114 = -3*k - 5*d. What are the prime factors of k?
43
Let j(w) be the second derivative of -w**3/3 + 3*w**2/2 + 2*w. Let g be j(2). Let d = 1 - g. List the prime factors of d.
2
Suppose 0 = -c + 2*m - 3*m + 93, 274 = 3*c + 4*m. What are the prime factors of c?
2, 7
Let f(x) = -x**2 - 5*x + 3. Let h be f(-5). What are the prime factors of 20/12*h/1?
5
Let v = -28 + 13. Let z be 4/10 - 24/v. Suppose 0 = 4*x - 5*n + 3 + z, 0 = x - 3*n + 10. List the prime factors of x.
5
Let j(q) = q**2 - 8*q - 3. Let b be j(4). Let w be 98/(-8) - (-9)/(-12). Let i = w - b. List the prime factors of i.
2, 3
Let d(y) = y**2 + 4*y + 1. Let t(u) = -3*u**2 - 13*u - 4. Let c(m) = 7*d(m) + 2*t(m). List the prime factors of c(2).
7
Let k(m) = m**2 + 4*m - 4. Let o be k(-4). Let w be -1*(2 - (o - -1)). Let z = w + 17. What are the prime factors of z?
2, 3
Let n(o) = o - 1. Let z be n(5). Suppose -z*k + 30 + 2 = 0. Let j(y) = -y + 16. What are the prime factors of j(k)?
2
Suppose -3*m = 2*m + 65. Let d(y) = -y**3 - 13*y**2 - 2*y + 19. What are the prime factors of d(m)?
3, 5
Let j(i) = -i + 1. Let y be j(1). Suppose y = 2*o - 1 - 5. What are the prime factors of o?
3
List the prime factors of 54 + -3 + -2 + 6.
5, 11
Suppose -46 - 244 = -5*p. What are the prime factors of p?
2, 29
Let m(n) = 20*n + 2. What are the prime factors of m(2)?
2, 3, 7
Let o(w) = -w. Let c(g) = -g - 3. Let z be c(-8). Let d be o(z). Let a = 21 + d. List the prime factors of a.
2
Suppose 2*w = 117 + 73. What are the prime factors of w?
5, 19
Let b be ((-4)/(-3))/((-10)/405). Let h = -12 - b. What are the prime factors of h?
2, 3, 7
Let k = 11 + -20. Let h(v) = v**2 + 8*v - 4. Let g be h(k). Suppose 60 = 5*p - g*y, 3*p - 28 = 3*y - 2*y. List the prime factors of p.
2
What are the prime factors of 2/6*(198 - 3)?
5, 13
Suppose -2*l - 4 = -4*x - 6*l, 3*x + 4*l = 4. List the prime factors of (-2 - x)/((-8)/32).
2
Suppose 84 = p - 5*z, 2*p + 6*z - 153 = z. What are the prime factors of p?
79
Let x(n) = n**2 - 7*n - 7. List the prime factors of x(9).
11
What are the prime factors of (-2)/((-10)/(-645)*-3)?
43
Suppose -657 = -5*b + q, b = -q + 40 + 89. Suppose -m - 67 = -4*o, -m + 46 = -5*o + b. List the prime factors of o.
2, 3
Suppose 165 + 147 = 3*o. Suppose 2*d = -4*m + 84, o = -2*m + 7*m + 2*d. List the prime factors of m.
2, 5
Let h(y) = -y + 1. Let b be h(-6). Suppose 2*v = v + b. List the prime factors of v.
7
Let c be 5/2 + 2/(-4). Let s be (0 + c - -1)/1. List the prime factors of (-2)/(-1 - 0) + s.
5
Suppose 0 = 5*h + x + 5, 2*x - 6*x = 2*h + 20. Let q = h - 3. Let c = q - -6. List the prime factors of c.
3
Let j(v) = v**2 + v - 1. Let w be j(-2). Suppose w + 5 = 2*f + x, 4*x = -8. Let b = f - -2. List the prime factors of b.
2, 3
Suppose -5*j + 2*a - 20 = -3*a, -a = 5*j + 32. Let y be 3 + -1 + 12/j. Suppose -22 = -y*s - 2*s. What are the prime factors of s?
11
Let t be -12*-3*(-2)/(-9). Suppose -2*b + t = 38. Let x = b + 23. What are the prime factors of x?
2
Suppose -15 = -4*g - g. Suppose -3*u + g = 0, u + 11 + 5 = r. Suppose -4*c = -5*c + r. What are the prime factors of c?
17
Suppose 9 - 1 = 2*z. Let i = z - 4. Suppose i = -4*a + 6*a - 14. What are the prime factors of a?
7
Suppose -2*x = 4*s - 131 - 71, -4*x = -3*s + 135. Suppose -o + 12 = -4*w, o + w = -2*o + s. What are the prime factors of o?
2
Suppose -3*u = -u. Suppose -3*n - 2*p + 48 = -n, u = -5*n + 5*p + 70. What are the prime factors of n?
19
Let p(w) = w**3 - 7*w**2 - 2. Let u be p(7). Let y = 6 + u. Suppose -y*s = -4*n - 20, 0*s = -4*s - n + 10. What are the prime factors of s?
3
Let k = -28 - -16. Let b = k - -25. List the prime factors of b.
13
Suppose -89 = -4*d + 5*r, d + 0*d - r = 23. What are the prime factors of d?
2, 13
Suppose -2*n + 28 + 42 = 0. List the prime factors of n.
5, 7
Suppose -5*d + d = 16. Let r be -1*(-3 - d) + 1. Suppose 3*s + r*s - 39 = 0. List the prime factors of s.
13
Let k(a) = 12*a**2 - 3*a + 1. List the prime factors of k(2).
43
Suppose r + 13 = 5*i, -2*r - 8 + 3 = -3*i. Suppose r*s - 36 = 5*k, 0 = -2*s - k + 4*k + 28. List the prime factors of s.
2
Suppose 0*y + 4 = z - y, 8 = 2*z + y. Suppose l - 4 = z. What are the prime factors of l?
2
What are the prime factors of 83*((-14)/(-8) - (-12)/(-16))?
83
List the prime factors of (2 + 5)/(-7) - (-134)/2.
2, 3, 11
Let r = 95 + -58. List the prime factors of r.
37
Let v(z) = z**3 - 12*z**2 + 14*z + 12. What are the prime factors of v(11)?
3, 5
Suppose 5*l + 0*l - 5 = 0. What are the prime factors of (-2 + l)/((-2)/8)?
2
Let d be (-205)/(-20) + (-1)/4. Let q = -4 + d. What are the prime factors of q?
2, 3
Let r = -6 - -9. Suppose -2*y - r*y = -5. Suppose -7 + y = -2*f. List the prime factors of f.
3
Let n be -1 + 1 + (-42)/(-6). Suppose -q + 8 = t, 4*t + 3*q = 20 + n. What are the prime factors of t?
3
Suppose -5*p - 29 = -4*w + 16, -3*p + 10 = 5*w. List the prime factors of w.
5
Suppose -5*t + 7*t = 30. What are the prime factors of t?
3, 5
Let a(w) = w**2 + 3*w + 1. List the prime factors of a(3).
19
Let d be (37 - (0 - -3)) + -2. List the prime factors of ((-27)/(-12))/(6/d).
2, 3
Suppose 3*k = -9, 1 = 4*r + 3*k - 2. Suppose -a = r*a. Suppose 3 = -c + 5*s, 5*c + 5*s - 85 + 10 = a. What are the prime factors of c?
2, 3
What are the prime factors of (-195)/(-6) - 3/(-6)?
3, 11
What are the prime factors of 4/(-12) - 94/(-3)?
31
Let o(t) = -3*t - 7. Let u(g) = g + 3. Let i(b) = -2*o(b) - 5*u(b). Let k be i(5). Suppose -2*r - 11 = n + 2*r, -2*n - 6 = k*r. List the prime factors of n.
5
Suppose i - 96 = -5*x + 5*i, -i + 81 = 4*x. Suppose 3*a - 26 = 4*v, 2*a + 1 = -5*v - x. What are the prime factors of a?
2
Let k(f) = -f**2 + 7*f - 6. Let u be k(5). Let h = -14 + 20. Let s = u + h. List the prime factors of s.